 + 5*y - 16. Calculate t(b).
9
Let l be (-6)/(-9)*6 - 1. Suppose -l*a = 26 - 107. Suppose -5*q = -3 - a. Let i(n) = n**2 - 5*n + 4. What is i(q)?
10
Let v(p) = 2*p + 29. Let m(l) = -4*l**2 + 49*l + 75. Let o be m(14). Let d be v(o). Let z(q) = q + 20. What is z(d)?
3
Suppose i - 164 + 158 = 0. Let b(o) = 6*o - 17. What is b(i)?
19
Let k(c) = -c - 21. Suppose -3*y - 1248 = 2*i - 7*i, -5*i - y + 1264 = 0. Suppose 0 = 15*n + i - 12. Give k(n).
-5
Suppose -3*g - 19 = -7. Let h(o) be the third derivative of 5*o**4/24 + 2*o**3/3 - 4*o**2 + 2227. Give h(g).
-16
Let d(u) be the first derivative of -3/2*u**2 + 8*u - 8/3*u**3 - 1/4*u**4 + 83. What is d(-7)?
-20
Let k be (-62)/8 - 18/(-24). Suppose -4*p + 12 = 4*h, -3*p = 5*h - 18 - 1. Let q be -2*(k + 4) + p. Let x(n) = -7*n. What is x(q)?
-28
Suppose -5*v = -3*h - 7, 3*h + 4*v = -2*h - 24. Let u(c) be the third derivative of c**6/120 + c**5/30 - c**4/4 - c**3/2 - 79*c**2 + 2*c - 7. Calculate u(h).
-11
Suppose 4 = 3*r - 5. Let s(q) be the third derivative of 1/30*q**5 + 17*q**2 - 2 + 1/3*q**3 + 0*q - 1/24*q**4. Give s(r).
17
Let g(q) = -2*q - 31. Let v(y) = -13*y**3 - 67*y**2 - 13*y - 33. Let c be v(-5). Determine g(c).
5
Suppose -j + 4 = -5*u, u + 3*u - j = -4. Suppose u = -2*v - 0 + 2. Let m(o) = 9 - 4*o + 11*o - 8. Give m(v).
8
Let g = -954 + 1107. Let m = g - 157. Let n(s) = 1. Let q(y) = -y**2 - 3*y + 5. Let z(d) = 5*n(d) - q(d). What is z(m)?
4
Let g(y) = y**2 + 3*y + 8. Let b(i) = -2*i**2 - 4*i - 9. Let a(m) = 4*b(m) + 5*g(m). Let f be (-339 - -343) + 12/(-2). What is a(f)?
-6
Let d(s) be the second derivative of -s**3/6 + 7*s**2/2 - s + 26. Let k = 29 - 21. Suppose -3*y = -1 - k. Give d(y).
4
Let l(j) = 2 - 4 + j - 7 + 10. Let a be 2/(-1)*5/2. Calculate l(a).
-4
Suppose -64*x - 191 + 80 = 81. Let c(g) = -3*g**2 - 9*g - 7. What is c(x)?
-7
Let r(u) be the second derivative of u**5/20 - 5*u**4/12 + u**3 - u**2 + 14*u - 22. Give r(4).
6
Let h(g) = g**2 + 4*g - 2. Suppose 0 = -14*y + 19 + 37. Suppose 0 = -4*s + 4*l - y, -2*l - 2*l + 28 = 4*s. Calculate h(s).
19
Suppose 0 = 5*w - 5 + 20. Let c(q) = -5*q**3 - 21*q**2 - 5*q - 2. Let x be c(-4). Let y(o) = 6 + o**3 + 2*o + o**2 - 1 + 0 - x. Determine y(w).
-21
Let s(l) = l + 3. Let g be (-4)/(28/7 + -3). Calculate s(g).
-1
Let k be (49 - 50)*(-87 - -2). Let w(r) = -1 - 9*r**2 + 3 + 5*r**2 + k*r - 87*r. What is w(-2)?
-10
Suppose -59*g + 1762 = 346. Suppose -14*h + 11*h = -g. Let u(c) be the first derivative of -c**4/4 + 3*c**3 - 7*c**2/2 - 5*c + 1. Determine u(h).
3
Suppose 5*j + 1 = -3*n + 22, j + 3*n = -3. Let i(u) = 12*u - 11. Let g(w) = 5*w - 5. Let y be 14/3 - 3/(-9). Let x(z) = y*g(z) - 2*i(z). Give x(j).
3
Suppose 3*q + 155 - 167 = 0. Let m(n) be the second derivative of -n**3/3 + n**2/2 - 6*n. Calculate m(q).
-7
Let v = -116 - -118. Suppose 5*t + v = -2*u + 31, 5*u - 3*t + 5 = 0. Let i(c) = -c + 4*c**2 - 2 - 2*c**2 - c**2. Calculate i(u).
0
Let f(o) = o**3 - 8*o**2 - o + 9. Suppose 5 = -m, -2*y - 4*m + 1359 = -9*m. Let a = -659 + y. Give f(a).
1
Let n(x) be the second derivative of x**4/4 + 9*x**3 + 3*x**2/2 - 141*x + 8. What is n(-19)?
60
Let j(p) = -2*p**2 - 5*p + 0 + p**3 + 6 - 2*p**2. Let v be j(5). Suppose -6 = -y + m, -y = m + m - v. Let q(b) = b**2 - 9*b + 9. Determine q(y).
-9
Suppose 6*q = -16 + 76. Suppose -148 = 47*z - q*z. Let o(r) be the third derivative of -r**5/60 - r**4/24 + 5*r**3/6 - 3*r**2. What is o(z)?
-7
Let t(a) be the second derivative of -1/12*a**4 + 1/2*a**2 + a + 0 + 1/6*a**3. Suppose 94*y - 181*y - 12 = -84*y. Determine t(y).
-19
Let j(g) be the third derivative of -11/6*g**3 + 0 + 1/12*g**4 - 2*g + 5*g**2. Give j(9).
7
Let g(a) = a**2 + 2*a + 6. Let h(f) = -909*f + 3641. Let n be h(4). Give g(n).
41
Suppose 4*i + 30 = -3*t + 28, -4*t - 5*i = 2. Let b(r) be the third derivative of r**5/60 - r**4/12 + r**3/2 - 6*r**2. Calculate b(t).
3
Let l(c) = -11*c + 7. Let h be l(-2). Suppose 4*a - i + 3 = 3*a, -2*a = 5*i - h. Suppose -11*g = -a*g - 9. Let o(m) = -2*m. Determine o(g).
-2
Let v(g) = 18544*g - 55614*g + 18537*g + 1 + 18535*g. Suppose -4*u = -5*a + 3 + 38, 3*u - 3 = 0. Suppose -l - a = -2. Give v(l).
-13
Let x(q) be the first derivative of q**4/4 + 5*q**3/3 - 4*q**2 + 16*q + 4658. Calculate x(-6).
28
Let q = 104 - 103. Suppose -o + q = -2*c, 2*c - 3*o = 1 - 4. Let j be c + -5 - (-4)/(-4). Let f(i) = -4*i - 8. Calculate f(j).
16
Let o(u) = -40*u**3 + 29*u**2 + 10*u - 19. Let b(w) = 34*w**3 - 25*w**2 - 10*w + 18. Let a(g) = -7*b(g) - 6*o(g). Calculate a(1).
1
Let y(t) = -1338*t + 46. Let d(x) = -89*x + 3. Let a(b) = 15*d(b) - y(b). Let s(h) = 2*h - 2. Let i be s(-2). What is a(i)?
-19
Let c be (78/3)/(3*6/36). Let o be -2 + (6/(-20) - c/(-40)). Let b(u) = 8*u**2 + 4*u. Let q(h) = -h**2 + h. Let s(v) = b(v) - 5*q(v). Give s(o).
14
Let v be ((195/(8 + -23))/(-1))/(1/2). Let q(g) = g**2 - 15*g - 283. What is q(v)?
3
Let b(c) = 3*c - 5. Let y be b(5). Suppose -16*p = -22 - y. Let v(i) = 14*i + i**p + 7*i + 7*i - 25*i - 6. Give v(-5).
4
Let s(k) = -k**2 + 6*k + 1. Suppose 303 - 8 = 4*r - 3*n, 3*r - 225 = n. Let y = 82 - r. Determine s(y).
1
Let b(i) = 3*i**3 - 167*i**2 - 57*i + 53. Let y be b(56). Let d(k) = 2*k**2 + k + 7. Give d(y).
22
Let l(p) = -4*p**2 - 49*p - 6. Let t be (-17 - -13)/(-12) + (-37)/3. Determine l(t).
6
Let u(d) = d**2 + 12*d + 4. Let m(h) = 79*h - 247. Let x be m(3). Give u(x).
-16
Let m be -2*-1*70/28. Let f(c) = -2*c**2 + 13*c - 5. Determine f(m).
10
Let a(u) be the third derivative of -u**4/24 - 2*u**3/3 - 46*u**2 - 2. Determine a(-8).
4
Let p(g) = 6*g + 30. Let f be 0/((-256)/(-208)*13). Determine p(f).
30
Let u(p) = 14*p + 10 - 4*p - 70*p**3 - 95*p**3 - 60*p**3 + 236*p**3. Give u(-1).
-11
Let o(r) = r**3 + 11*r**2 - 14*r - 21. Suppose 18 = 4*k - 2*d, 0 = -2*k - 5*d + 10*d + 13. Suppose 2*f + 16 = -k*g, -g - 34 = 4*f - f. Give o(f).
3
Let s(c) be the first derivative of c**2/2 - c + 4289. Let q(k) = k - 7. Let r be q(5). What is s(r)?
-3
Let f(o) = o**3 + 3*o**2 - o - 1. Let z(k) = 9*k**3 + 41*k**2 - 14*k - 26. Let q(r) = 10*f(r) - z(r). Give q(10).
-44
Suppose 5*m + 3*j = 6*m - 67, 79 = 2*m + 5*j. Let g be (-1)/(m/(-12) + 4). Let n(z) = -g - 3 + 4*z - 2 + 7 + z**2. Give n(-5).
4
Let l be (11 + -10)*0/1. Let a be 7 + -5 + l - -1. Let t(m) be the third derivative of -m**6/120 + m**5/30 + m**4/8 - m**3/2 + 9*m**2. Give t(a).
-3
Let v(o) = -o**3 - 7*o**2 + 5*o + 9. Let h = -3268 + 3261. Give v(h).
-26
Let q be (-26)/78 + (-56)/(-6). Let i(k) = 35*k - 309. Let x be i(q). Let f(l) = l**3 - 5*l**2 - 5*l - 2. Calculate f(x).
4
Let p(n) = -54*n**3 - 39*n**2 + 2*n + 15. Let s(g) = 25*g**3 + 19*g**2 - g - 7. Let j(k) = -6*p(k) - 13*s(k). Determine j(-13).
-12
Let z(c) = 0*c**3 - 21 - 12 + 10 - 67*c**2 + c**3 + 21*c + 56*c**2. Calculate z(9).
4
Let m(f) = -f**3 + 7*f**2 - 8*f + 7. Suppose 25*b - 77 = 14*b. Calculate m(b).
-49
Let s(m) = 2*m**2 - 3*m - 6. Let l(o) = -117*o - 1408. Let c be l(-12). What is s(c)?
38
Let u = -979 - -979. Let x(y) = -y**3 + 2*y**2 + 1. Give x(u).
1
Let x(q) be the first derivative of -3*q**2/2 - 3*q - 1022. Let m = 12 + -4. Give x(m).
-27
Let b(q) = -q**3 + 5*q**2 - 2*q + 7. Let f = -203 - -57. Let s = 151 + f. What is b(s)?
-3
Suppose -3*a - 60 = -5*q, 17*q - 13*q = a + 27. Let u(k) = k - 15. Let m(o) = -2*o + 16. Let g(h) = -2*m(h) - 3*u(h). Determine g(a).
-2
Let y(n) be the first derivative of -5*n**2/2 - 26*n + 655. What is y(-5)?
-1
Suppose 15*g + 8 = 17*g. Let i(a) = -a**2 + 3. Let j be i(0). Let r(v) = 29*v**j + 3 + 0*v - 30*v**3 - 3*v + 5*v**2. Determine r(g).
7
Suppose 46*m + 64*m - 220 = 132*m. Let o(s) = 9*s + 125. Determine o(m).
35
Let s(r) be the third derivative of -r**6/120 + 2*r**5/15 - 3*r**4/8 - r**3/2 - 11*r**2 - 7. Calculate s(7).
-17
Let t(c) = c**2 - 8*c + 1. Let o = -909 - -918. Give t(o).
10
Let s(t) = 4*t**2 + 5*t - 6. Suppose -103*g = 86*g + 21*g + 840. Determine s(g).
38
Let p be (1/2*5)/((-3640)/(-4368)). Let b(s) be the second derivative of -7/12*s**4 - p*s**2 - 1/20*s**5 + 0 + 8*s - 7/6*s**3. What is b(-6)?
0
Let i(y) = 5*y - 1 + 1081*y**3 - 243*y**3 - 255*y**3 - 284*y**3 - 3*y**2 - 252*y**3. Determine i(1).
48
Suppose -2*s + 8 = -0. Let f(i) = -13*i + 6*i + 3*i**2 - s*i**2 - 3. Let x be 30/4*(-8)/12. Give f(x).
7
Let x(u) = -u**2 - 4*u + 13. Le